4?
12321131
What is -1110011111100 (base 2) in base 10?
-7420
Convert 121221002 (base 3) to base 12.
7185
What is 111001101000111 (base 2) in base 5?
1421021
-1103132 (base 4) to base 14
-1d38
What is -16aa2 (base 11) in base 12?
-11a39
Convert 13131 (base 4) to base 8.
735
1913 (base 10) to base 2
11101111001
111120 (base 3) to base 8
556
Convert 33d9 (base 16) to base 11.
9a77
Convert 34a63 (base 11) to base 10.
50526
What is 216 (base 12) in base 13?
1a7
What is -2145 (base 9) in base 16?
-62c
What is -32032 (base 4) in base 15?
-40a
Convert -12514 (base 6) to base 8.
-3576
1aaab (base 14) to base 11
47079
Convert 3130300 (base 4) to base 7.
56122
Convert 120210211 (base 3) to base 9.
16724
What is 3410 (base 5) in base 16?
1e0
What is 212211100 (base 3) in base 13?
7ba2
What is -1ccb (base 16) in base 15?
-22b6
232 (base 10) to base 16
e8
100011110110 (base 2) to base 9
3128
What is 21630 (base 7) in base 5?
133320
Convert 3ace (base 15) to base 3.
122020112
Convert -1011001011110001 (base 2) to base 4.
-23023301
15908 (base 13) to base 16
a073
What is -151631 (base 7) in base 8?
-71437
What is -3366 (base 9) in base 8?
-4672
-12ec7 (base 15) to base 11
-41683
8162 (base 14) to base 4
11123122
-3657 (base 9) to base 11
-2058
Convert 4857 (base 9) to base 11.
2798
What is -1518 (base 11) in base 9?
-2612
What is 121533 (base 6) in base 5?
321120
-1b24 (base 12) to base 5
-101330
What is -113333 (base 4) in base 6?
-11035
What is 1422 (base 9) in base 15?
4b8
Convert 7505 (base 10) to base 12.
4415
Convert 234 (base 16) to base 11.
473
1011011000 (base 2) to base 5
10403
Convert 1b (base 12) to base 8.
27
-109 (base 15) to base 11
-1a3
What is -21a9 (base 11) in base 12?
-181a
What is -5236 (base 14) in base 4?
-3131100
-147 (base 16) to base 11
-278
-101001 (base 4) to base 6
-5013
-813 (base 9) to base 15
-2e0
-2a58 (base 16) to base 10
-10840
Convert 32b8 (base 13) to base 11.
5357
What is 16527 (base 11) in base 10?
23261
What is 2118 (base 9) in base 5?
22211
2223132 (base 4) to base 14
3ddc
-31305 (base 6) to base 14
-1773
What is -c2 (base 16) in base 8?
-302
What is -6b3 (base 14) in base 9?
-1741
Convert -1a35 (base 11) to base 9.
-3475
Convert 122513 (base 7) to base 14.
830a
Convert -24b99 (base 14) to base 4.
-111333303
2226 (base 8) to base 11
978
What is 30320 (base 8) in base 15?
3a81
Convert 2a15 (base 15) to base 10.
9020
What is -62a (base 11) in base 14?
-3c2
What is -1123012 (base 5) in base 4?
-10332132
-1cb (base 15) to base 12
-2a8
What is 12320 (base 4) in base 5?
3230
Convert -10172 (base 8) to base 9.
-5706
-234 (base 10) to base 4
-3222
What is 8371 (base 11) in base 13?
5080
100111101 (base 2) to base 5
2232
-406054 (base 7) to base 14
-1b39b
What is -1100102 (base 3) in base 13?
-5a8
What is -23 (base 6) in base 7?
-21
What is 220212 (base 4) in base 13?
124b
21 (base 15) to base 13
25
Convert 20541 (base 9) to base 4.
3103330
ec2 (base 16) to base 10
3778
Convert -4958 (base 11) to base 3.
-22212212
-33 (base 13) to base 2
-101010
-1142 (base 5) to base 15
-b7
What is 6457 (base 12) in base 10?
11011
Convert -106264 (base 7) to base 4.
-10221001
Convert -133333 (base 4) to base 16.
-7ff
-1012021 (base 3) to base 2
-1101100111
Convert 41641 (base 8) to base 6.
212053
Convert -3280 (base 10) to base 7.
-12364
What is -1423 (base 6) in base 5?
-3000
What is 84a (base 11) in base 2?
1111111110
What is 102100221 (base 3) in base 6?
102211
Convert -10110000101 (base 2) to base 8.
-2605
Convert -111011100 (base 2) to base 5.
-3401
What is -62411 (base 8) in base 16?
-6509
What is -1375 (base 11) in base 15?
-7d6
What is -232 (base 9) in base 3?
-21002
12111211 (base 3) to base 4
332302
Convert -67b (base 12) to base 16.
-3bf
What is -13c (base 14) in base 16?
-fa
-44411 (base 7) to base 3
-120100002
What is 13141 (base 5) in base 9?
1382
What is -10310 (base 4) in base 14?
-180
What is 1731 (base 13) in base 11?
262a
What is 645a (base 13) in base 8?
33155
-8b9 (base 12) to base 6
-5553
284 (base 16) to base 3
212212
23201 (base 5) to base 16
68c
What is -120305 (base 6) in base 11?
-7969
What is 1085a (base 12) in base 16?
55c6
Convert -aa2 (base 13) to base 9.
-2444
Convert -c72c (base 13) to base 2.
-110101111000001
What is 3326 (base 8) in base 16?
6d6
Convert -14024 (base 5) to base 14.
-5b5
Convert 160 (base 10) to base 7.
316
-898 (base 12) to base 13
-767
Convert 1b72 (base 13) to base 3.
12200200
375 (base 14) to base 4
22303
What is 20650 (base 7) in base 16?
140b
Convert -24313 (base 5) to base 12.
-1089
Convert -73b4 (base 16) to base 15.
-8b9a
-50ab (base 13) to base 5
-324001
What is -10331033 (base 4) in base 5?
-1122203
2230340 (base 5) to base 15
ba65
Convert -7373 (base 9) to base 14.
-1d88
-5bdb (base 14) to base 2
-11111011000101
-3978 (base 11) to base 15
-17e7
What is -713 (base 9) in base 10?
-579
Convert 6130 (base 7) to base 8.
4120
237 (base 8) to base 7
315
Convert -760 (base 8) to base 2.
-111110000
Convert 3c9 (base 15) to base 11.
716
-4200 (base 8) to base 12
-1314
-1c57 (base 15) to base 14
-235b
What is -20002 (base 8) in base 15?
-2664
-14024 (base 5) to base 8
-2163
Convert 37673 (base 9) to base 8.
61372
Convert -45725 (base 10) to base 7.
-250211
Convert b25b (base 13) to base 3.
1020201102
cf (base 16) to base 13
12c
Convert -1636 (base 14) to base 9.
-5388
What is -1001 (base 5) in base 11?
-105
-2325 (base 10) to base 2
-100100010101
What is -747 (base 16) in base 5?
-24423
What is -111032 (base 4) in base 9?
-1768
2516 (base 11) to base 9
4448
-3586 (base 9) to base 16
-a6e
-369 (base 11) to base 9
-536
What is 144 (base 16) in base 4?
11010
Convert 7254 (base 10) to base 6.
53330
Convert -8092 (base 11) to base 15.
-32b9
Convert -2437 (base 10) to base 14.
-c61
What is -608 (base 10) in base 16?
-260
Convert 15bc (base 16) to base 5.
134224
Convert 13232 (base 6) to base 13.
c08
Convert 5 (base 10) to base 14.
5
What is -5b97 (base 13) in base 4?
-3022220
What is 50758 (base 9) in base 3?
1200211222
What is -4355 (base 7) in base 6?
-11115
Convert 1073 (base 13) to base 4.
203303
Convert -524 (base 12) to base 11.
-620
What is 1200300 (base 4) in base 9?
8440
Convert -4829 (base 16) to base 8.
-44051
What is -2a004 (base 11) in base 16?
-a664
2408 (base 12) to base 6
30412
1662 (base 7) to base 3
221020
What is 414436 (base 7) in base 12?
35274
-22021120 (base 3) to base 8
-13624
Convert 10000200200 (base 3) to base 16.
e8a1
Convert -53e (base 16) to base 3.
-1211201
What is -17 (base 11) in base 13?
-15
Convert -24025 (base 6) to base 8.
-6621
-21113 (base 4) to base 15
-29e
-2091 (base 14) to base 12
-32bb
Convert 110101010110110 (base 2) to base 6.
330250
345310 (base 6) to base 2
111010000001010
What is 363 (base 13) in base 5?
4323
100100110001 (base 2) to base 9
3204
What is 212154 (base 6) in base 13?
7b88
Convert -3221001 (base 4) to base 15.
-4643
5aa (base 13) to base 9
1314
Convert -11201 (base 3) to base 15.
-87
-2405 (base 6) to base 9
-715
What is 45553 (base 8) in base 2?
100101101101011
10110100 (base 3) to base 2
100111011000
What is -50003 (base 6) in base 16?
-1953
Convert ed (base 16) to base 14.
12d
Convert 311 (base 16) to base 4.
30101
-150 (base 13) to base 8
-352
-1283 (base 9) to base 4
-33012
What is -110110000000 (base 2) in base 9?
-4660
31152 (base 6) to base 8
10114
Convert 1110010 (base 2) to base 12.
96
Convert -3201 (base 5) to base 6.
-1550
144220 (base 6) to base 8
33124
Convert 5a6 (base 11) to base 12.
501
What is -1012120 (base 3) in base 6?
-4023
What is -12022100 (base 3) in base 13?
-19b9
What is 30683 (base 9) in base 11?
14234
-2402 (base 5) to base 9
-431
-15426 (base 9) to base 5
-314204
What is -4c31 (base 15) in base 16?
-3f76
What is -435 (base 8) in base 9?
-346
-1b8 (base 12) to base 13
-18b
212052 (base 6) to base 9
25665
4116 (base 9) to base 4
233010
What is 10204 (base 6) in base 11?
1038
What is -2143 (base 5) in base 11?
-251
What is 10013 (base 4) in base 10?
263
Convert 5689 (base 12) to base 16.
2589
What is -13340 (base 5) in base 10?
-1095
Convert -58 (base 14) to base 10.
-78
Convert 22504 (base 6) to base 13.
15ca
-34660 (base 7) to base 13
-4096
What is -13789 (base 10) in base 2?
-11010111011101
Convert 1111